r(-5). Let t = f - 21. Suppose -3*b + 38 - 14 = 0. Calculate the remainder when b is divided by t.
2
Suppose t + 4*t = 150. Suppose -15 = -3*b + t. Calculate the remainder when b is divided by 4.
3
Suppose m - 5*j = -8 - 0, 2*m = j + 2. What is the remainder when 10 is divided by m?
0
Let n be 38 - ((-2 - -2) + 3). Let m = -20 + n. Suppose 0 = 4*x - 12, 5*x = -4*u + 3*x + 114. What is the remainder when u is divided by m?
12
Let d = -368 - -387. Let p = 67 - 12. Calculate the remainder when p is divided by d.
17
Suppose 6 = -p + 3*x + 39, -3*p - 5*x + 71 = 0. What is the remainder when 252/p*3/2 is divided by 5?
4
Let a = -989 + 1007. Calculate the remainder when 102 is divided by a.
12
Let d be 22*((20/(-8))/1 + 2). Let f = d + 32. What is the remainder when 104 is divided by f?
20
Let s = -1415 - -1428. Calculate the remainder when 363 is divided by s.
12
Suppose -12*v - 17*v + 7917 = 0. Calculate the remainder when v is divided by 55.
53
Suppose 22*i - 1474 + 220 = 0. Calculate the remainder when 203 is divided by i.
32
Suppose 6*r - 140 = 13*r. What is the remainder when 24 is divided by 5*(1 - 12/r)?
0
Suppose -61 = -2*d + 67. Calculate the remainder when 440 is divided by d.
56
Suppose 2*w - 28 = 6*w + 4*y, -w + 2*y - 1 = 0. Let h be 10 + 0 + (-2 - 0). Let s = h + w. What is the remainder when 9 is divided by s?
0
Let i(d) = -12*d + 17. What is the remainder when i(-3) is divided by 8?
5
Let c(u) = 75*u + 638. Calculate the remainder when c(-8) is divided by (6/4)/((-6)/(-56)).
10
Let c = 316 + -280. Calculate the remainder when 90 is divided by c.
18
Suppose 5*z = 4*a - 2469, -4*a + 4*z = 14 - 2478. What is the remainder when a is divided by 51?
50
Let q(v) = 2*v**2 - v + 1. Suppose 4*x - 397 - 29 = -3*l, -2*l + 2*x + 284 = 0. Calculate the remainder when l is divided by q(-4).
31
Let p = 155 - -17. Let h = -119 + p. Suppose 32*i = 9*i + 54 + 268. What is the remainder when h is divided by i?
11
Suppose 2*u + 1 = -5*z, -z - 16 = 4*u - 59. Let r = 64 - u. What is the remainder when r is divided by 19?
14
Let d = -47 + 64. Suppose 42 = 4*t + 5*a, -t = -a - a - d. Let y(u) = 3*u**3 + u**2. Calculate the remainder when t is divided by y(1).
1
Let i(j) = 2*j**2 + 18*j + 51. Calculate the remainder when 387 is divided by i(-7).
19
Let g(q) = -q**3 + 7*q**2 - q + 10. Suppose 234 = 3*i - 87. Calculate the remainder when i is divided by g(5).
52
What is the remainder when (-26)/(-221) + 3464/34 is divided by 12?
6
Let d(r) = 2*r - 50. Let k be d(26). Suppose 0 = 2*h + 2, 3*h + 2 = -k*i + 25. Calculate the remainder when 39 is divided by i.
0
Let c(r) = -r - 8. Let h be c(-8). Suppose h = i + 2*i + 5*v - 202, 4*v = -16. What is the remainder when i is divided by 45/(-3)*(-1 + 2/(-3))?
24
Let t(u) = 3*u**2 + 32*u - 120. Calculate the remainder when t(-17) is divided by 23.
19
Let m(t) = -t**3 + 9*t**2 - 12*t + 16. What is the remainder when 84 is divided by m(7)?
24
Let w(z) = -z**3 - 17*z**2 - 16*z + 8. Let v be (-6)/2 - (-36 + -3). Suppose 5*g + v = -44. Calculate the remainder when 23 is divided by w(g).
7
Suppose -5*c + 37 = 2*d, -d + 16 = 2*c + d. Calculate the remainder when 278 is divided by c.
5
Let b be ((-6)/(-21))/((-3)/(-21)). Suppose -10 = b*q, q = -6*c + 3*c + 55. Calculate the remainder when 78 is divided by c.
18
Let o(n) = -6*n**3 + 2*n**2 - 5*n - 16. Calculate the remainder when o(-2) is divided by 4.
2
Let d(o) = 3*o**2 - 7*o + 18. Calculate the remainder when d(6) is divided by 33.
18
Let s(n) = -n + 14. Let v be s(16). Let u(k) = 40*k**2 + 2*k - 2. Let c be u(v). Let m = c - 105. Calculate the remainder when m is divided by 25.
24
Let k(c) = -33*c - 167. What is the remainder when k(-7) is divided by 14?
8
Let h(v) = -v**3 - 5*v**2 + 3*v - 7. Let t = 36 - 42. Calculate the remainder when 19 is divided by h(t).
8
Let n = 1666 - 1658. Calculate the remainder when 215 is divided by n.
7
Suppose 8*u + 41*u = 980. Calculate the remainder when 354 is divided by u.
14
Let s = 38 - 18. Calculate the remainder when 111*(-7)/((-210)/20) is divided by s.
14
Calculate the remainder when (-3)/(-18) + 3588/72 is divided by 18.
14
Let m(c) = -c**3 - 9*c**2 - 7*c + 13. Let u be m(-8). Suppose -3*w + 192 = u*q, -4*q - w = -97 - 58. What is the remainder when q is divided by 10?
9
Suppose -5*o - 560 = -9*o. Let d = -98 + o. What is the remainder when d is divided by 9?
6
Let v be (-140)/(-21) + (-2)/(-6). What is the remainder when (-107)/(-3) - v/(-21) is divided by 13?
10
Suppose 3*k = -k - 32. Let f = 0 - k. Let i = f + 40. Calculate the remainder when i is divided by 17.
14
Suppose 51 + 4 = z. Suppose -z + 7 = -4*q. Let j = 16 - 11. Calculate the remainder when q is divided by j.
2
Suppose -f = -o + 33, -2*o - f + 65 = -4*f. What is the remainder when 94 is divided by o/(-221) - (-2 + (-288)/13)?
22
Let u = 14 - 11. Suppose c - 170 = 2*s, s - 496 = -6*c + u*c. Suppose 4*m = 3*m + c. Calculate the remainder when m is divided by 42.
40
Suppose -a + 266 = b, a + 1318 = 5*b - 0*a. Calculate the remainder when b is divided by 30.
24
Let d = 1 + 18. Suppose 6*y - d + 1 = 0. Calculate the remainder when 9 is divided by y.
0
Let o = 1752 - 1334. What is the remainder when o is divided by 14?
12
Let i(k) = -4*k - 2*k + 6*k - 5*k - 2 - k**2. Let f be (1 + -1)/1 + -4. Calculate the remainder when 4 is divided by i(f).
0
Let w(c) = 2*c - 10. Let t be w(5). Let m be 8*(t/(-4) + 1). Let p = 37 - m. Calculate the remainder when p is divided by 8.
5
What is the remainder when 67 is divided by (-16)/(-56) - (-1 + (-94)/14)?
3
Let k(w) = 103*w + 17. What is the remainder when k(2) is divided by 15?
13
Suppose -7*r + 1080 = -3*r. Let a = -172 + r. What is the remainder when a is divided by 25?
23
Suppose 5*a - 5*h - 826 - 474 = 0, -a + 2*h = -257. Calculate the remainder when a is divided by 55.
43
Let d = 260 - 88. Calculate the remainder when d is divided by 35.
32
Suppose -3*l + 93 = 4*q + 2*l, -2*q + 3*l = -41. Suppose -8*j = -7*j - 15. Let d = j - 7. What is the remainder when q is divided by d?
6
Let q(i) = 3*i**2 - 5*i + 11. Let c(v) = -v**3 + 36*v**2 + 4*v - 114. Calculate the remainder when q(-6) is divided by c(36).
29
Suppose -24*q = -3*w - 19*q + 275, 315 = 3*w + 3*q. Calculate the remainder when 232 is divided by w.
32
Let l = -65 - -65. What is the remainder when 51 is divided by 468/(-18)*(l - 1)?
25
Suppose -5*n - 7 + 5 = 3*j, -10 = -n + 2*j. Suppose 2*r - 37 = -y - 0*r, -4*y = -n*r - 118. What is the remainder when y is divided by 11?
9
Let v = -2334 + 2731. What is the remainder when v is divided by 83?
65
Suppose -w - 64 = -2*t - 5*w, 5*t = w + 105. What is the remainder when 41 is divided by t?
19
Calculate the remainder when 129 is divided by 1/(-8) - (-12749)/488.
25
Calculate the remainder when 177 is divided by (38 - 3) + 3 + -2.
33
Let u = 17 - 6. Let w(s) = -s**3 + 6*s**2 + 2. Let b be w(6). Suppose -q = -22 + b. What is the remainder when q is divided by u?
9
Let q be (4/(-4))/1*-65. Suppose 0 = 11*z + q - 252. What is the remainder when 66 is divided by z?
15
Suppose -26 = -n - 4*h - 0, 2*n - 17 = -h. Suppose -10 = 2*o, -3*o + 13 = 2*a - 2*o. Calculate the remainder when a is divided by n.
3
Let u = -11 + 23. Suppose 4*c + 2*m + 0*m = -30, 4*m = u. What is the remainder when (-88)/6*c/6 is divided by 12?
10
Let y(d) = -d**2 - 292*d + 2101. Let c(j) = -j**3 - j**2 - j + 2. Let r be c(-3). Suppose 0 = -5*w + r + 37. What is the remainder when w is divided by y(7)?
4
What is the remainder when 62 is divided by (-90)/225 + (254/10 - -1)?
10
Suppose 20*c = 15*c + 130. Let b be (-669)/4 + 12/(-16). What is the remainder when c is divided by (b/(-18))/((-4)/(-6))?
12
Suppose -7*i + 594 = 15*i. Calculate the remainder when 779 is divided by i.
23
Suppose 85 = 10*b - 65. What is the remainder when 21 is divided by b?
6
Suppose -b + 2*w - 34 = -3*b, -w - 5 = 0. Suppose 3*v - 2*v = b. Calculate the remainder when v is divided by 46/6 + (-4)/(-12).
6
Calculate the remainder when 1/2*806 - (-21)/7 is divided by 41.
37
Let l = 1539 - 1503. Calculate the remainder when 321 is divided by l.
33
Suppose 0 = -32*i + 170 + 1142. What is the remainder when 445 is divided by i?
35
Let j(w) = -w**2 + 63*w - 467. Calculate the remainder when j(53) is